he remainder when 387 is divided by 26.
23
What is the remainder when 251 is divided by 9?
8
Calculate the remainder when 73 is divided by 19.
16
Calculate the remainder when 268 is divided by 39.
34
What is the remainder when 1585 is divided by 59?
51
What is the remainder when 83 is divided by 57?
26
Calculate the remainder when 186 is divided by 53.
27
What is the remainder when 50 is divided by 4?
2
Calculate the remainder when 1700 is divided by 154.
6
What is the remainder when 104 is divided by 4?
0
Calculate the remainder when 1228 is divided by 138.
124
Calculate the remainder when 1859 is divided by 49.
46
What is the remainder when 2237 is divided by 56?
53
What is the remainder when 645 is divided by 121?
40
Calculate the remainder when 354 is divided by 12.
6
What is the remainder when 118 is divided by 66?
52
What is the remainder when 3077 is divided by 40?
37
Calculate the remainder when 149 is divided by 50.
49
What is the remainder when 107 is divided by 27?
26
What is the remainder when 122 is divided by 31?
29
What is the remainder when 1089 is divided by 191?
134
Calculate the remainder when 52 is divided by 22.
8
What is the remainder when 1811 is divided by 12?
11
What is the remainder when 48 is divided by 20?
8
Calculate the remainder when 152 is divided by 53.
46
What is the remainder when 597 is divided by 100?
97
Calculate the remainder when 634 is divided by 77.
18
Calculate the remainder when 241 is divided by 5.
1
What is the remainder when 123 is divided by 87?
36
Calculate the remainder when 92 is divided by 34.
24
Calculate the remainder when 185 is divided by 2.
1
Calculate the remainder when 6 is divided by 1.
0
Calculate the remainder when 83 is divided by 15.
8
What is the remainder when 257 is divided by 240?
17
Calculate the remainder when 765 is divided by 201.
162
What is the remainder when 202 is divided by 40?
2
Calculate the remainder when 246 is divided by 85.
76
Calculate the remainder when 273 is divided by 32.
17
What is the remainder when 3172 is divided by 23?
21
Calculate the remainder when 124 is divided by 53.
18
Calculate the remainder when 376 is divided by 35.
26
What is the remainder when 218 is divided by 5?
3
What is the remainder when 37 is divided by 21?
16
Calculate the remainder when 689 is divided by 20.
9
Calculate the remainder when 48 is divided by 11.
4
Calculate the remainder when 902 is divided by 900.
2
What is the remainder when 693 is divided by 341?
11
Calculate the remainder when 1071 is divided by 1054.
17
Calculate the remainder when 169 is divided by 109.
60
Calculate the remainder when 1475 is divided by 12.
11
What is the remainder when 133 is divided by 52?
29
What is the remainder when 4365 is divided by 24?
21
Calculate the remainder when 97 is divided by 18.
7
Calculate the remainder when 1488 is divided by 444.
156
Calculate the remainder when 352 is divided by 48.
16
Calculate the remainder when 10 is divided by 5.
0
What is the remainder when 220 is divided by 75?
70
What is the remainder when 106 is divided by 52?
2
Calculate the remainder when 1332 is divided by 61.
51
What is the remainder when 256 is divided by 37?
34
What is the remainder when 412 is divided by 6?
4
Calculate the remainder when 422 is divided by 48.
38
Calculate the remainder when 294 is divided by 60.
54
Calculate the remainder when 8 is divided by 2.
0
What is the remainder when 59 is divided by 57?
2
What is the remainder when 355 is divided by 21?
19
Calculate the remainder when 237 is divided by 35.
27
Calculate the remainder when 141 is divided by 49.
43
Calculate the remainder when 417 is divided by 103.
5
What is the remainder when 125 is divided by 12?
5
What is the remainder when 1610 is divided by 45?
35
Calculate the remainder when 1 is divided by 1.
0
What is the remainder when 588 is divided by 193?
9
Calculate the remainder when 1324 is divided by 103.
88
Calculate the remainder when 288 is divided by 90.
18
What is the remainder when 3085 is divided by 443?
427
What is the remainder when 1940 is divided by 11?
4
Calculate the remainder when 45 is divided by 18.
9
What is the remainder when 417 is divided by 42?
39
What is the remainder when 349 is divided by 27?
25
Calculate the remainder when 2398 is divided by 7.
4
What is the remainder when 129 is divided by 14?
3
What is the remainder when 234 is divided by 130?
104
What is the remainder when 267 is divided by 2?
1
What is the remainder when 2155 is divided by 308?
307
What is the remainder when 3864 is divided by 1277?
33
What is the remainder when 489 is divided by 14?
13
Calculate the remainder when 2112 is divided by 269.
229
What is the remainder when 56488 is divided by 42?
40
What is the remainder when 337 is divided by 46?
15
What is the remainder when 320 is divided by 108?
104
What is the remainder when 109 is divided by 22?
21
What is the remainder when 2343 is divided by 47?
40
What is the remainder when 1243 is divided by 223?
128
What is the remainder when 79 is divided by 15?
4
What is the remainder when 344 is divided by 105?
29
Calculate the remainder when 267 is divided by 68.
63
Calculate the remainder when 416 is divided by 15.
11
What is the remainder when 1228 is divided by 22?
18
What is the remainder when 181 is divided by 47?
40
Calculate the remainder when 255 is divided by 43.
40
What is the remainder when 2699 is divided by 6?
5
What is the remainder when 3602 is divided by 113?
99
What is the remainder when 50 is divided by 18?
14
Calculate the remainder when 242 is divided by 7.
4
Calculate the remainder when 473 is divided by 7.
4
What is the remainder when 184 is divided by 91?
2
What is the remainder when 150 is divided by 22?
18
Calculate the remainder when 491 is divided by 82.
81
Calculate the remainder when 1463 is divided by 16.
7
What is the remainder when 114 is divided by 18?
6
What is the remainder when 40 is divided by 17?
6
Calculate the remainder when 4257 is divided by 12.
9
What is the remainder when 33 is divided by 4?
1
Calculate the remainder when 183 is divided by 38.
31
Calculate the remainder when 97 is divided by 20.
17
What is the remainder when 63 is divided by 8?
7
Calculate the remainder when 183 is divided by 17.
13
Calculate the remainder when 326 is divided by 3.
2
Calculate the remainder when 151 is divided by 17.
15
What is the remainder when 888 is divided by 9?
6
What is the remainder when 8078 is divided by 16?
14
What is the remainder when 548 is divided by 47?
31
Calculate the remainder when 18498 is divided by 25.
23
What is the remainder when 123 is divided by 62?
61
Calculate the remainder when 1901 is divided by 93.
41
What is the remainder when 351 is divided by 59?
56
What is the remainder when 249 is divided by 63?
60
What is the remainder when 678 is divided by 5?
3
Calculate the remainder when 180 is divided by 24.
12
Calculate the remainder when 1090 is divided by 15.
10
What is the remainder when 162 is divided by 62?
38
What is the remainder when 1991 is divided by 222?
215
Calculate the remainder when 1008 is divided by 50.
8
What is the remainder when 76 is divided by 7?
6
What is the remainder when 544 is divided by 267?
10
What is the remainder when 25 is divided by 5?
0
What is the remainder when 301 is divided by 95?
16
Calculate the remainder when 130 is divided by 78.
52
Calculate the remainder when 230 is divided by 81.
68
Calculate the remainder when 288 is divided by 38.
22
What is the remainder when 186 is divided by 27?
24
What is the remainder when 155 is divided by 42?
29
Calculate the remainder when 166 is divided by 40.
6
What is the remainder when 798 is divided by 25?
23
What is the remainder when 242 is divided by 135?
107
What is the remainder when 269 is divided by 88?
5
What is the remainder when 212 is divided by 93?
26
What is the remainder when 107 is divided by 89?
18
Calculate the remainder when 10096 is divided by 54.
52
Calculate the remainder when 581 is divided by 157.
110
Calculate the remainder when 745 is divided by 53.
3
Calculate the remainder when 445 is divided by 51.
37
Calculate the remainder when 137 is divided by 14.
11
What is the remainder when 2636 is divided by 878?
2
Calculate the rema